36*v**2 - 4301*v - 27761. What is m(544)?
-17
Let z(g) = -g**3 - g**2 + 533*g + 4696. Give z(-12).
-116
Let x(h) = h**2 + 1562*h + 22. Give x(0).
22
Let q(y) = 4*y**2 - 468*y + 13746. Give q(56).
82
Let d(s) = -3*s**3 - 468*s**2 + 21*s + 3311. Give d(-156).
35
Let b(a) = 5*a**3 + 5*a**2 + 56*a - 183. What is b(3)?
165
Let r(j) = j**2 + 27*j + 101. What is r(-17)?
-69
Let a(b) = -12655*b + 380571. Give a(30).
921
Let p(d) = -26*d - 1376. What is p(-52)?
-24
Let j(y) = y**2 - 1862*y - 2754669. Give j(-972).
-21
Let r(q) = -q**3 + 84*q**2 - 826*q - 2579. What is r(72)?
157
Let p(a) = -606*a + 102805. Give p(169).
391
Let s(g) = 441*g - 67933. What is s(154)?
-19
Let t(r) = r**3 + 72*r**2 + 401*r + 18244. Calculate t(-70).
-26
Let u(k) = -k**3 - 348*k**2 + 1247*k + 313456. What is u(-349)?
54
Let d(n) = n**3 + 493*n**2 - 39412*n + 155. What is d(70)?
15
Let p(g) = -7*g**2 + 77*g + 259. What is p(-4)?
-161
Let r(h) = -632*h + 2686. Give r(7).
-1738
Let u(c) = c**2 - 142*c - 16698. Calculate u(-76).
-130
Let g(i) = 2*i**3 + 151*i**2 - 98*i - 13013. Calculate g(-75).
-38
Let v(s) = -64*s**3 - 577*s**2 + 468*s + 4289. Calculate v(-9).
-4
Let r(b) = -903*b + 2271. Calculate r(6).
-3147
Let a(h) = 4*h**2 - 405*h + 6173. Calculate a(82).
-141
Let i(o) = 339*o - 12969. Determine i(32).
-2121
Let s(y) = 12*y**2 - 639*y + 571. What is s(54)?
1057
Let h(d) = 47*d**2 + 116*d - 586. What is h(-5)?
9
Let i(t) = 6816*t + 13722. Calculate i(-2).
90
Let f(n) = 23474*n - 164663. What is f(7)?
-345
Let v(q) = -2*q**3 + 196*q**2 + 180*q + 2150. Calculate v(99).
368
Let t(h) = 2*h**2 + 1872*h - 5646. Determine t(3).
-12
Let t(x) = 178153*x - 3741236. Calculate t(21).
-23
Let u(o) = -3*o**3 - 26*o**2 - 1340*o - 9139. Determine u(-7).
-4
Let g(w) = 51*w + 2252. What is g(-42)?
110
Let b(v) = 349*v - 4150. Give b(12).
38
Let x(r) = r**3 - 54*r**2 - 102*r - 229. Determine x(56).
331
Let x(h) = -8493*h + 857848. Determine x(101).
55
Let b(p) = 31827*p - 222696. Give b(7).
93
Let s(g) = 76*g**3 - 3414*g**2 - 250*g - 906. What is s(45)?
-6
Let d(q) = -q**2 + 56*q + 2047. What is d(-38)?
-1525
Let i(n) = -306*n + 72147. Give i(243).
-2211
Let f(b) = 2761*b - 882. Give f(0).
-882
Let o(r) = -7*r**2 + 463*r - 115. Give o(66).
-49
Let h(k) = k**3 + 46*k**2 - 432*k - 19775. Determine h(-46).
97
Let g(k) = k**3 - 63*k**2 + 967*k - 40. Give g(29).
-591
Let p(k) = 71*k**2 - 171*k - 168. Give p(4).
284
Let q(u) = 76*u**2 + 249*u + 34. Calculate q(-3).
-29
Let y(g) = -1059*g - 115420. What is y(-109)?
11
Let t(k) = 2*k**2 - 143*k - 444. Give t(67).
-1047
Let d(v) = -11311*v - 1911541. Calculate d(-169).
18
Let u(s) = 872*s - 73250. Determine u(84).
-2
Let t(a) = 2*a**2 - 525*a - 7620. Determine t(-14).
122
Let b(z) = -108*z**3 - 10*z**2 - 30*z - 16. What is b(-2)?
868
Let r(t) = -15*t**3 - 149*t**2 - 45*t - 64. Determine r(-9).
-793
Let x(d) = -2547*d**2 - 48396*d - 45. What is x(-19)?
12
Let f(u) = 17*u**2 + 27*u + 16. Calculate f(-3).
88
Let m(z) = -4*z**3 - 332*z**2 + 318*z - 90. Give m(-84).
1422
Let d(i) = -2*i**2 - 32*i + 22767. Determine d(-115).
-3
Let d(g) = 545*g**3 + 313*g**2 - 9*g - 3. Give d(-1).
-226
Let w(u) = -3492*u + 171144. What is w(49)?
36
Let l(d) = -232*d + 2353. Calculate l(10).
33
Let o(l) = -2*l**2 + 1141*l - 132825. What is o(163)?
20
Let u(s) = 818*s - 5709. What is u(7)?
17
Let z(l) = -97*l**2 + 974*l + 4843. Give z(-5).
-2452
Let h(f) = -66390*f - 1062244. Determine h(-16).
-4
Let f(q) = -q**3 + 20*q**2 + 163*q - 873. Give f(25).
77
Let o(u) = 4*u**2 - 346*u - 2852. Give o(-8).
172
Let w(z) = z**2 - 502*z + 36126. What is w(87)?
21
Let q(k) = -2*k**3 - 29*k**2 + 24*k - 126. What is q(0)?
-126
Let g(d) = -63225*d + 1327740. Give g(21).
15
Let k(n) = -3486*n**2 - 20905*n + 74. Give k(-6).
8
Let w(m) = -37*m**2 - 730*m + 172. Determine w(-20).
-28
Let p(z) = -140*z**3 - 97*z - 98. Determine p(-1).
139
Let g(m) = -m**2 - 147*m + 36. Determine g(-15).
2016
Let l(k) = -24*k**3 + 11*k**2 - 44*k + 92. Determine l(2).
-144
Let p(l) = -120858*l - 8339238. Determine p(-69).
-36
Let h(k) = k**3 - 172*k**2 + 225*k - 8991. Calculate h(171).
243
Let w(h) = 57375*h - 860706. Give w(15).
-81
Let u(p) = -125*p**3 + 772*p**2 + 767*p - 1. What is u(-1)?
129
Let m(k) = -49*k - 3916. What is m(-92)?
592
Let k(s) = 10506*s - 11396. What is k(1)?
-890
Let y(i) = -837*i + 129651. Determine y(155).
-84
Let o(m) = -3*m**3 - 1396*m**2 - 578*m - 52536. Determine o(-465).
9
Let v(d) = -14373*d - 158088. What is v(-11)?
15
Let t(h) = h**3 + 65*h**2 + 16*h - 3064. Give t(-64).
8
Let u(r) = -14*r**2 + 24*r + 80. Determine u(-5).
-390
Let j(v) = 34*v**2 - 712*v + 572. Determine j(20).
-68
Let b(c) = -28*c**3 + 2541*c**2 + 665*c - 2546. Determine b(91).
2
Let c(x) = 838*x**2 - 3360*x + 27. What is c(4)?
-5
Let z(j) = -17507*j**2 - 105010*j + 84. Determine z(-6).
-108
Let t(n) = -n**3 + 719*n**2 - 2289*n + 100868. What is t(716)?
-88
Let c(m) = -815851*m + 4079292. Give c(5).
37
Let f(w) = 2*w**3 - w**2 - 193*w - 1501. What is f(-9)?
-1303
Let u(j) = 483*j**2 + 1405*j - 5. What is u(-3)?
127
Let k(o) = -o**3 + 93*o**2 - 195*o + 1425. Give k(91).
242
Let q(h) = -h**2 - 3764*h + 583026. Determine q(149).
-11
Let t(j) = -6*j**3 - 366*j**2 + 6*j + 147. Determine t(-61).
-219
Let b(r) = -222*r - 10969. Calculate b(-50).
131
Let m(v) = 10*v**2 + 226*v - 119. Give m(-24).
217
Let i(c) = 2*c**3 + 14*c**2 + 260*c - 521. Determine i(2).
71
Let c(d) = 104*d - 4427. Determine c(43).
45
Let n(u) = -2*u**2 - 288*u - 4038. Give n(-16).
58
Let r(l) = 2837*l + 116298. Determine r(-41).
-19
Let g(l) = -l**2 + 1368*l - 262651. Give g(1137).
-4
Let j(i) = i**3 + 245*i**2 - 241*i + 1240. Determine j(-246).
10
Let c(u) = 2*u**2 - 272*u + 8482. Give c(70).
-758
Let z(p) = -627*p - 107224. Determine z(-171).
-7
Let n(f) = 66*f**2 + 482*f + 542. What is n(-6)?
26
Let c(m) = m**3 - 88*m**2 + 1500*m - 142. Determine c(23).
-27
Let l(c) = 60308*c + 2472632. Calculate l(-41).
4
Let t(d) = d**3 - 261*d**2 + 453*d - 187343. Give t(262).
-13
Let x(o) = o**3 - 494*o**2 + 53263*o + 649. Determine x(335).
-21
Let i(u) = 2*u**2 + 5790*u + 367894. Calculate i(-65).
-6
Let t(p) = 2*p**3 + 50*p**2 - 106*p + 48. Calculate t(-27).
-6
Let y(x) = -1947*x - 202492. Give y(-104).
-4
Let l(a) = -2*a**3 - 18*a**2 + 143*a + 2284. What is l(-10)?
1054
Let n(f) = f**2 - 152*f + 5791. Calculate n(84).
79
Let g(j) = -589*j**3 - 5894*j**2 - 28*j + 110. Determine g(-10).
-10
Let z(a) = 29*a**2 - 748*a + 3025. Give z(5).
10
Let p(t) = -2*t**3 + 99*t**2 + 70*t - 861. Calculate p(50).
139
Let s(h) = -124933*h - 124929. Give s(-1).
4
Let h(c) = c**3 - 63*c**2 + 986*c - 486. Calculate h(27).
-108
Let j(u) = 166*u**2 + 805*u - 813. Determine j(1).
158
Let f(m) = -4841*m + 319523. Give f(66).
17
Let o(x) = 35*x**3 + 9*x**2 - 2*x - 26. Determine o(-2).
-266
Let g(v) = v**2 - 6*v - 892. Give g(25).
-417
Let z(o) = o**2 - 652*o - 239448. Give z(-262).
20
Let z(n) = -2*n**3 + 10*n**2 + 8*n - 136. What is z(0)?
-136
Let n(q) = -7*q**3 + 2938*q**2 - 2110*q + 6298. Calculate n(419).
13
Let l(h) = -h**3 - 7*h**2 + 96*h - 1249. What is l(-17)?
9
Let w(q) = -3662*q + 9569. What is w(3)?
-1417
Let s(y) = y**3 + 2*y**2 + 48*y + 336. Determine s(-6).
-96
Let f(w) = -2*w**2 - 207*w + 8723. Calculate f(34).
-627
Let w(m) = -m**2 + 31*m - 30. Calculate w(30).
0
Let x(t) = 13310*t - 133570. Determine x(10).
-470
Let x(v) = 1265*v**3 - 127764*v**2 - 90*v - 1113. Calculate x(101).
-2
Let j(h) = 6*h**2 + 567789*h - 7950220. Determine j(14).
2
Let z(a) = 3*a**3 - 117*a**2 + 720*a - 4157. Calculate z(33).
1
Let n(y) = 2667*y + 48. Determine n(0).
48
Let l(j) = 6*j**2 + 328*j + 3078. Determine l(-10).
398
Let k(j) = -285*j**2 + 3976*j + 25. What is k(14)?
-171
Let k(d) = -200*d + 3444. Calculate k(19).
-356
Let o(y) = y**2 - 2145*y - 12886. Calculate o(-6).
20
Let w(h) = -673*h - 99402. Calculate w(-146).
-1144
Let c(q) = -q**2 - 1284*q - 83677. What is c(-69)?
158
Let o(q) = q**3 + 9*q**2 - 81*q - 132. What is o(8)?
308
Let b(v) = 116*v + 22513. What is b(-200)?
-687
Let q(p) = -1906*p + 40745. Determine q(22).
-1187
Let b(s) = 8843*s + 2219595. Calculate b(-251).
2
Let r(n) = n**2 + 46*n - 3799. Determine r(43).
28
Let b(m) = m**3 - 44*m**2 + 95*m + 1162. What is b(